{"id":281,"date":"2011-03-06T10:10:10","date_gmt":"2011-03-06T08:10:10","guid":{"rendered":"http:\/\/www.la-tablatou.eu\/la-tablatou-classique\/?page_id=281"},"modified":"2025-02-10T18:02:38","modified_gmt":"2025-02-10T17:02:38","slug":"utilisations-tablatou","status":"publish","type":"page","link":"https:\/\/www.la-tablatou.eu\/la-tablatou-classique\/presentation-tablatou\/utilisations-tablatou\/","title":{"rendered":"Les utilisations"},"content":{"rendered":"<p>Avec LA TABL\u2019ATOU et votre mat\u00e9riel manuel ou \u00e9lectro portatif vous pourrez, seul :<\/p>\n<ul>\n<li><a href=\"http:\/\/www.la-tablatou.eu\/la-tablatou-classique\/files\/2011\/03\/mise-place-panneau.jpg\" data-lbwps-width=\"800\" data-lbwps-height=\"536\" data-lbwps-srcsmall=\"https:\/\/www.la-tablatou.eu\/la-tablatou-classique\/files\/2011\/03\/mise-place-panneau.jpg\"><img loading=\"lazy\" decoding=\"async\" class=\"alignright size-thumbnail wp-image-810\" title=\"Utilisation des crochets du Kit Confort pour la mise sur table d'un plateau, m\u00eame lourd.\" src=\"http:\/\/www.la-tablatou.eu\/la-tablatou-classique\/files\/2011\/03\/mise-place-panneau-149x100.jpg\" alt=\"Utilisation des crochets du Kit Confort pour la mise sur table d'un plateau, m\u00eame lourd.\" width=\"149\" height=\"100\" srcset=\"https:\/\/www.la-tablatou.eu\/la-tablatou-classique\/files\/2011\/03\/mise-place-panneau-149x100.jpg 149w, https:\/\/www.la-tablatou.eu\/la-tablatou-classique\/files\/2011\/03\/mise-place-panneau-597x400.jpg 597w, https:\/\/www.la-tablatou.eu\/la-tablatou-classique\/files\/2011\/03\/mise-place-panneau.jpg 800w\" sizes=\"auto, (max-width: 149px) 100vw, 149px\" \/><\/a>Mettre un panneau de 122&#215;250 cm sur la surface de travail en restant debout, sans effort, gr\u00e2ce aux crochets du KIT CONFORT.<\/li>\n<li>Scier imm\u00e9diatement ce panneau sans chute des parties coup\u00e9es (sous r\u00e9serve d\u2019un bon positionnement). Les risques de blocage de lames ou d\u2019\u00e9clats fin de coupe sont \u00e9vit\u00e9s.<br \/>\nLes coupes sont rapides, s\u00e9curis\u00e9es. (Les savants montages \u00e0 risques sont oubli\u00e9s)<\/li>\n<li><a href=\"http:\/\/www.la-tablatou.eu\/la-tablatou-classique\/files\/2011\/03\/Coupe-dun-petit-panneau.jpg\" data-lbwps-width=\"800\" data-lbwps-height=\"536\" data-lbwps-srcsmall=\"https:\/\/www.la-tablatou.eu\/la-tablatou-classique\/files\/2011\/03\/Coupe-dun-petit-panneau.jpg\"><img loading=\"lazy\" decoding=\"async\" class=\"alignright size-thumbnail wp-image-847\" title=\"Coupe d'un petit panneau sans que les parties coup\u00e9es tombent. Remarquez les possibilit\u00e9s de fixation et de calage de la pi\u00e8ce avec l'outillage int\u00e9gr\u00e9.\" src=\"http:\/\/www.la-tablatou.eu\/la-tablatou-classique\/files\/2011\/03\/Coupe-dun-petit-panneau-149x100.jpg\" alt=\"Coupe d'un petit panneau sans que les parties coup\u00e9es tombent. Remarquez les possibilit\u00e9s de fixation et de calage de la pi\u00e8ce avec l'outillage int\u00e9gr\u00e9.\" width=\"149\" height=\"100\" srcset=\"https:\/\/www.la-tablatou.eu\/la-tablatou-classique\/files\/2011\/03\/Coupe-dun-petit-panneau-149x100.jpg 149w, https:\/\/www.la-tablatou.eu\/la-tablatou-classique\/files\/2011\/03\/Coupe-dun-petit-panneau-597x400.jpg 597w, https:\/\/www.la-tablatou.eu\/la-tablatou-classique\/files\/2011\/03\/Coupe-dun-petit-panneau.jpg 800w\" sizes=\"auto, (max-width: 149px) 100vw, 149px\" \/><\/a>Scier des planches, de la frisette, du lambris \u00e9galement sans chute des parties coup\u00e9es.<br \/>\nLes douleurs dorsales sont \u00e9vit\u00e9es en ne r\u00e9cup\u00e9rant pas les pi\u00e8ces tomb\u00e9es au sol.<br \/>\nLe gain de temps est cons\u00e9quent.<\/li>\n<li>Menuiser des pi\u00e8ces de formes diff\u00e9rentes, tant sur chant qu\u2019\u00e0 plat et quelque soit leur largeur avec, si n\u00e9cessaire, les moyens de serrage int\u00e9gr\u00e9s.\u00a0Les pi\u00e8ces peuvent \u00eatre plus longues que la table.<\/li>\n<li><a href=\"http:\/\/www.la-tablatou.eu\/la-tablatou-classique\/files\/2011\/03\/defoncage-sur-champ.jpg\" data-lbwps-width=\"800\" data-lbwps-height=\"536\" data-lbwps-srcsmall=\"https:\/\/www.la-tablatou.eu\/la-tablatou-classique\/files\/2011\/03\/defoncage-sur-champ.jpg\"><img loading=\"lazy\" decoding=\"async\" class=\"alignright\" title=\"Mise en place rapide d'un panneau sur le &quot;support lat\u00e9ral du KIT CONFORT&quot; pour travail sur chant (le panneau peut reposer sur un seul taquet de pi\u00e8tement). Travail \u00e0 hauteur d'homme = protection du dos !\" src=\"http:\/\/www.la-tablatou.eu\/la-tablatou-classique\/files\/2011\/03\/defoncage-sur-champ-149x100.jpg\" alt=\"Mise en place rapide d'un panneau sur le &quot;support lat\u00e9ral du KIT CONFORT&quot; pour travail sur chant (le panneau peut reposer sur un seul taquet de pi\u00e8tement). Travail \u00e0 hauteur d'homme = protection du dos !\" width=\"149\" height=\"100\" \/><\/a>R\u00e9aliser des d\u00e9coupes en plein panneau (oculus) rapidement et avec une assise absolue gr\u00e2ce \u00e0 la configuration des martyrs en angles et \u00e0\u00a0l\u2019incidence du \u00ab\u00a0vide\u00a0\u00bb.<br \/>\nLes risques de rupture des parties \u00e9troites sont supprim\u00e9s (vasques sanitaires ou \u00e9viers)<\/li>\n<li>Percer sans d\u00e9t\u00e9riorer la surface de travail en enlevant les plateaux perfor\u00e9s<\/li>\n<li><a href=\"http:\/\/www.la-tablatou.eu\/la-tablatou-classique\/files\/2011\/09\/Astuces-utilisations-placage-de-limpossible.jpg\" data-lbwps-width=\"800\" data-lbwps-height=\"536\" data-lbwps-srcsmall=\"https:\/\/www.la-tablatou.eu\/la-tablatou-classique\/files\/2011\/09\/Astuces-utilisations-placage-de-limpossible.jpg\"><img loading=\"lazy\" decoding=\"async\" class=\"alignright\" title=\"Placage de l'impossible... Si la pi\u00e8ce est plus petite elle est pos\u00e9e entre les \u00e9querres de la poign\u00e9e et plus grande dans l'espace du cadre sans traverse.\" src=\"http:\/\/www.la-tablatou.eu\/la-tablatou-classique\/files\/2011\/09\/Astuces-utilisations-placage-de-limpossible-149x100.jpg\" alt=\"Placage de l'impossible... Si la pi\u00e8ce est plus petite elle est pos\u00e9e entre les \u00e9querres de la poign\u00e9e et plus grande dans l'espace du cadre sans traverse.\" width=\"149\" height=\"100\" \/><\/a>Plaquer des chants sur des pi\u00e8ces droites ou circulaires en travaillant \u00e0 sa hauteur<\/li>\n<li>Monter des meubles sans risque de chute et avec facilit\u00e9, fini les tr\u00e9teaux !!<br \/>\nEngagement imm\u00e9diat des mors de serre-joints (plateaux perfor\u00e9s enlev\u00e9s). Ceux-ci, plac\u00e9s\u00a0verticalement facilitent la circulation .<\/li>\n<\/ul>\n<p style=\"text-align: center;\"><strong>\u00a0Et bien d&rsquo;autres d&rsquo;autre possibilit\u00e9s<\/strong> sont offertes par cet \u00e9tabli multifonctions, notamment avec <a title=\"Les options\" href=\"http:\/\/www.la-tablatou.eu\/la-tablatou-classique\/presentation-tablatou\/les-options\/\">les options<\/a>&#8230;<\/p>\n","protected":false},"excerpt":{"rendered":"<p>Avec LA TABL\u2019ATOU et votre mat\u00e9riel manuel ou \u00e9lectro portatif vous pourrez, seul : Mettre un panneau de 122&#215;250 cm sur la surface de travail en restant debout, sans effort, gr\u00e2ce aux crochets du KIT CONFORT. Scier imm\u00e9diatement ce panneau sans chute des parties coup\u00e9es (sous r\u00e9serve d\u2019un bon positionnement). Les risques de blocage de lames ou d\u2019\u00e9clats fin de &hellip; <a href=\"https:\/\/www.la-tablatou.eu\/la-tablatou-classique\/presentation-tablatou\/utilisations-tablatou\/\">Continue reading <span class=\"meta-nav\">&rarr;<\/span><\/a><\/p>\n","protected":false},"author":1,"featured_media":0,"parent":565,"menu_order":3,"comment_status":"closed","ping_status":"closed","template":"","meta":{"footnotes":""},"class_list":["post-281","page","type-page","status-publish","hentry"],"_links":{"self":[{"href":"https:\/\/www.la-tablatou.eu\/la-tablatou-classique\/wp-json\/wp\/v2\/pages\/281","targetHints":{"allow":["GET"]}}],"collection":[{"href":"https:\/\/www.la-tablatou.eu\/la-tablatou-classique\/wp-json\/wp\/v2\/pages"}],"about":[{"href":"https:\/\/www.la-tablatou.eu\/la-tablatou-classique\/wp-json\/wp\/v2\/types\/page"}],"author":[{"embeddable":true,"href":"https:\/\/www.la-tablatou.eu\/la-tablatou-classique\/wp-json\/wp\/v2\/users\/1"}],"replies":[{"embeddable":true,"href":"https:\/\/www.la-tablatou.eu\/la-tablatou-classique\/wp-json\/wp\/v2\/comments?post=281"}],"version-history":[{"count":41,"href":"https:\/\/www.la-tablatou.eu\/la-tablatou-classique\/wp-json\/wp\/v2\/pages\/281\/revisions"}],"predecessor-version":[{"id":1298,"href":"https:\/\/www.la-tablatou.eu\/la-tablatou-classique\/wp-json\/wp\/v2\/pages\/281\/revisions\/1298"}],"up":[{"embeddable":true,"href":"https:\/\/www.la-tablatou.eu\/la-tablatou-classique\/wp-json\/wp\/v2\/pages\/565"}],"wp:attachment":[{"href":"https:\/\/www.la-tablatou.eu\/la-tablatou-classique\/wp-json\/wp\/v2\/media?parent=281"}],"curies":[{"name":"wp","href":"https:\/\/api.w.org\/{rel}","templated":true}]}}