{"id":1330,"date":"2014-01-12T18:32:59","date_gmt":"2014-01-12T16:32:59","guid":{"rendered":"http:\/\/www.la-tablatou.eu\/la-tablatou-classique\/?page_id=1330"},"modified":"2025-02-11T09:45:26","modified_gmt":"2025-02-11T08:45:26","slug":"butee-pour-scie-radiale","status":"publish","type":"page","link":"https:\/\/www.la-tablatou.eu\/la-tablatou-classique\/bonus-tablatou\/realisations-personnelles\/butee-pour-scie-radiale\/","title":{"rendered":"But\u00e9e pour scie radiale"},"content":{"rendered":"<p dir=\"ltr\">Si avec une scie radiale on est amen\u00e9 \u00e0 faire de nombreuses coupes \u00e0 l\u2019identique, il est appr\u00e9ciable de disposer d\u2019un moyen permettant un positionnement rapide des pi\u00e8ces, offrant un gain de temps notable, et de plus, une s\u00e9curisation par la suppression de basculement, sous r\u00e9serve que les planches soient en \u00e9quilibre sur la servante (la seconde servante reste utilisable).<\/p>\n<p dir=\"ltr\">Ces avantages sont obtenus avec le dispositif propos\u00e9.<\/p>\n<p dir=\"ltr\">Le moyen de calage consiste en une but\u00e9e mont\u00e9e sur une r\u00e8gle coulissante, blocable et inversable.<br \/>\nPossibilit\u00e9 d\u2019exploiter des coupes de quelques dizaines de centim\u00e8tres ou de 3 m\u00e8tres environ, sous r\u00e9serve du positionnement de la scie radiale et de la longueur du dispositif (exemple : une longueur de 1 m\u00e8tre permet pr\u00e8s de 3 m\u00e8tres en s\u00e9curit\u00e9 d\u2019\u00e9quilibre).<br \/>\nUne augmentation de la longueur est possible en veillant au basculement.<\/p>\n<p dir=\"ltr\">Ce moyen de calage se solidarise \u00e0 la table par enclenchement sur le barreau fixe (blocage des pi\u00e8tements de la table), sans avoir besoin d\u2019outillage, comme d\u2019ailleurs tous les accessoires adaptables \u00e0 la TABL\u2019ATOU.<\/p>\n<p dir=\"ltr\">Le mod\u00e8le pr\u00e9sent\u00e9 sur croquis s\u2019enclenche sur les 2 c\u00f4t\u00e9s gauches de la TABL\u2019ATOU.<br \/>\nPour un placement \u00e0 droite, il faut modifier la but\u00e9e et le sens de positionnement des plaques \u00e0 encoches qui doivent faire office d\u2019auto-blocage.<\/p>\n<p dir=\"ltr\">Les divers \u00e9l\u00e9ments constituant cet \u00e9quipement sont r\u00e9alis\u00e9s en contre-plaqu\u00e9 de 10 mm, mais il est possible d\u2019exploiter d\u2019autres mat\u00e9riaux comme de modifier les dimensions. Par contre, celles des 2 plaques d\u2019accrochage au barreau doivent \u00eatre conserv\u00e9es pour le positionnement des encoches (voir croquis).<\/p>\n<p dir=\"ltr\"><strong>R\u00c9ALISATION<\/strong><\/p>\n<p dir=\"ltr\"><strong>Plaques lat\u00e9rales avec encoches<br \/>\n<\/strong>Pour obtenir une pr\u00e9cision dans une solidarisation \u00e9quilibr\u00e9e au barreau, il est souhaitable de r\u00e9aliser les plaques ensemble (cotes croquis, m\u00e8che plate de 26 mm \u00e0 la perceuse verticale).<br \/>\nDans un premier temps, laisser de la marge en partie haute pour tol\u00e9rance de pose.<br \/>\nD\u00e9passement \u00e0 araser apr\u00e8s pose avec l\u2019ensemble complet (base \u00e0 coulisse\/but\u00e9e).<\/p>\n<p dir=\"ltr\"><strong>Base \u00e0 coulisse<br \/>\n<\/strong>Pour l\u2019exploitation du bouton de serrage de la r\u00e8gle coulissante, il est bon de disposer d\u2019un filetage r\u00e9sistant offert par des inserts en m\u00e9tal, \u00e0 visser ou \u00e0 frapper.<br \/>\nPour ce mod\u00e8le \u00e0 frapper diam\u00e8tre 8, faire un \u00e9videment pour inclure la partie \u00e0 crochets, afin de ne pas cr\u00e9er de protub\u00e9rance pour le coulissement de la r\u00e8gle.<\/p>\n<ul>\n<li>Important :<strong>\u00a0<\/strong>il est judicieux d\u2019engager cet insert avant le montage de tous les \u00e9l\u00e9ments afin de faciliter la frappe d\u2019encastrement.<\/li>\n<\/ul>\n<p dir=\"ltr\">Veiller dans la solidarisation avec les 2 plaques \u201cencoches\u201d que la surface de la but\u00e9e est bien dans l\u2019horizontalit\u00e9 du socle de la scie.<\/p>\n<p dir=\"ltr\">Apr\u00e8s arasement des saillies des 2 plaques \u201cencoches\u201d, poser une plaque en contre-plaqu\u00e9 de 10 mm de 65 x 51 afin d\u2019\u00e9galisation avec la bande sup\u00e9rieure.<\/p>\n<p dir=\"ltr\">Poser 2 cales en contre-plaqu\u00e9 de 10 mm de part et d\u2019autre du profil\u00e9 de la servante.<br \/>\nCes 2 cales enserrant le profil\u00e9 \u00e9vitent un d\u00e9placement lat\u00e9ral d\u00e9j\u00e0 obtenu par l\u2019orientation des encoches qui font auto-blocage.<\/p>\n<p dir=\"ltr\"><strong>R\u00e8gle coulissante<br \/>\n<\/strong>Pas de remarques particuli\u00e8res<\/p>\n<p dir=\"ltr\"><strong>But\u00e9e<br \/>\n<\/strong>Les cotes donn\u00e9es sur le croquis peuvent \u00eatre modifi\u00e9es sous r\u00e9serve que les contacts entre le socle scie, la surface but\u00e9e et le profil\u00e9 \u201cservante\u201d soient bien respect\u00e9s.<br \/>\nA souligner que la pr\u00e9cision est plus importante pour les coupes \u00e9troites que pour les grandes.<\/p>\n<p dir=\"ltr\"><strong>MISE EN PLACE<br \/>\n<\/strong><\/p>\n<ul>\n<li>R\u00e9gler la hauteur du profil\u00e9 de la servante en posant une r\u00e8gle sur le plan de coupe de\u00a0la scie (voir rubriques \u201cpiges\u201d &#8211; gain de temps).<\/li>\n<li>Engagement c\u00f4t\u00e9 gauche de la table. Les 2 extr\u00e9mit\u00e9s de gauche sont exploitables.<\/li>\n<li>Ensemble en position inclin\u00e9e, engager les encoches de part et d\u2019autre du barreau.<\/li>\n<li>Pivoter l\u2019ensemble toujours inclin\u00e9.<\/li>\n<li>Abaisser l\u2019ensemble.<\/li>\n<\/ul>\n<p dir=\"ltr\">Si vous r\u00e9alisez ce dispositif, un commentaire de votre part serait appr\u00e9ci\u00e9 de tous.<br \/>\nMerci d\u2019avance et bonne r\u00e9alisation.<\/p>\n<p style=\"text-align: center;\"><a href=\"http:\/\/www.la-tablatou.eu\/la-tablatou-classique\/files\/2014\/03\/butee-scie01.jpg\" data-lbwps-width=\"2000\" data-lbwps-height=\"550\" data-lbwps-srcsmall=\"https:\/\/www.la-tablatou.eu\/la-tablatou-classique\/files\/2014\/03\/butee-scie01.jpg\"><img loading=\"lazy\" decoding=\"async\" class=\"aligncenter size-full wp-image-1361\" alt=\"But\u00e9e scie radiale\" src=\"http:\/\/www.la-tablatou.eu\/la-tablatou-classique\/files\/2014\/03\/butee-scie01.jpg\" width=\"2000\" height=\"550\" srcset=\"https:\/\/www.la-tablatou.eu\/la-tablatou-classique\/files\/2014\/03\/butee-scie01.jpg 2000w, https:\/\/www.la-tablatou.eu\/la-tablatou-classique\/files\/2014\/03\/butee-scie01-150x41.jpg 150w, https:\/\/www.la-tablatou.eu\/la-tablatou-classique\/files\/2014\/03\/butee-scie01-1454x400.jpg 1454w, https:\/\/www.la-tablatou.eu\/la-tablatou-classique\/files\/2014\/03\/butee-scie01-900x247.jpg 900w\" sizes=\"auto, (max-width: 2000px) 100vw, 2000px\" \/><\/a><a href=\"http:\/\/www.la-tablatou.eu\/la-tablatou-classique\/files\/2014\/03\/butee-scie02.jpg\" data-lbwps-width=\"2000\" data-lbwps-height=\"1546\" data-lbwps-srcsmall=\"https:\/\/www.la-tablatou.eu\/la-tablatou-classique\/files\/2014\/03\/butee-scie02.jpg\"><img loading=\"lazy\" decoding=\"async\" class=\"aligncenter size-large wp-image-1362\" alt=\"But\u00e9e scie radiale\" src=\"http:\/\/www.la-tablatou.eu\/la-tablatou-classique\/files\/2014\/03\/butee-scie02-776x600.jpg\" width=\"776\" height=\"600\" srcset=\"https:\/\/www.la-tablatou.eu\/la-tablatou-classique\/files\/2014\/03\/butee-scie02-776x600.jpg 776w, https:\/\/www.la-tablatou.eu\/la-tablatou-classique\/files\/2014\/03\/butee-scie02-129x100.jpg 129w, https:\/\/www.la-tablatou.eu\/la-tablatou-classique\/files\/2014\/03\/butee-scie02-517x400.jpg 517w, https:\/\/www.la-tablatou.eu\/la-tablatou-classique\/files\/2014\/03\/butee-scie02-900x695.jpg 900w, https:\/\/www.la-tablatou.eu\/la-tablatou-classique\/files\/2014\/03\/butee-scie02.jpg 2000w\" sizes=\"auto, (max-width: 776px) 100vw, 776px\" \/><\/a><\/p>\n<p style=\"text-align: left;\"><a href=\"http:\/\/www.la-tablatou.eu\/la-tablatou-classique\/files\/2014\/03\/butee-scie03.jpg\" data-lbwps-width=\"2000\" data-lbwps-height=\"933\" data-lbwps-srcsmall=\"https:\/\/www.la-tablatou.eu\/la-tablatou-classique\/files\/2014\/03\/butee-scie03.jpg\"><img loading=\"lazy\" decoding=\"async\" class=\"aligncenter size-large wp-image-1363\" alt=\"But\u00e9e scie radiale\" src=\"http:\/\/www.la-tablatou.eu\/la-tablatou-classique\/files\/2014\/03\/butee-scie03-1286x600.jpg\" width=\"1286\" height=\"600\" srcset=\"https:\/\/www.la-tablatou.eu\/la-tablatou-classique\/files\/2014\/03\/butee-scie03-1286x600.jpg 1286w, https:\/\/www.la-tablatou.eu\/la-tablatou-classique\/files\/2014\/03\/butee-scie03-150x69.jpg 150w, https:\/\/www.la-tablatou.eu\/la-tablatou-classique\/files\/2014\/03\/butee-scie03-857x400.jpg 857w, https:\/\/www.la-tablatou.eu\/la-tablatou-classique\/files\/2014\/03\/butee-scie03-900x419.jpg 900w, https:\/\/www.la-tablatou.eu\/la-tablatou-classique\/files\/2014\/03\/butee-scie03.jpg 2000w\" sizes=\"auto, (max-width: 1286px) 100vw, 1286px\" \/><\/a><\/p>\n","protected":false},"excerpt":{"rendered":"<p>Si avec une scie radiale on est amen\u00e9 \u00e0 faire de nombreuses coupes \u00e0 l\u2019identique, il est appr\u00e9ciable de disposer d\u2019un moyen permettant un positionnement rapide des pi\u00e8ces, offrant un gain de temps notable, et de plus, une s\u00e9curisation par la suppression de basculement, sous r\u00e9serve que les planches soient en \u00e9quilibre sur la servante (la seconde servante reste utilisable). &hellip; <a href=\"https:\/\/www.la-tablatou.eu\/la-tablatou-classique\/bonus-tablatou\/realisations-personnelles\/butee-pour-scie-radiale\/\">Continue reading <span class=\"meta-nav\">&rarr;<\/span><\/a><\/p>\n","protected":false},"author":1,"featured_media":0,"parent":856,"menu_order":1,"comment_status":"closed","ping_status":"open","template":"","meta":{"footnotes":""},"class_list":["post-1330","page","type-page","status-publish","hentry"],"_links":{"self":[{"href":"https:\/\/www.la-tablatou.eu\/la-tablatou-classique\/wp-json\/wp\/v2\/pages\/1330","targetHints":{"allow":["GET"]}}],"collection":[{"href":"https:\/\/www.la-tablatou.eu\/la-tablatou-classique\/wp-json\/wp\/v2\/pages"}],"about":[{"href":"https:\/\/www.la-tablatou.eu\/la-tablatou-classique\/wp-json\/wp\/v2\/types\/page"}],"author":[{"embeddable":true,"href":"https:\/\/www.la-tablatou.eu\/la-tablatou-classique\/wp-json\/wp\/v2\/users\/1"}],"replies":[{"embeddable":true,"href":"https:\/\/www.la-tablatou.eu\/la-tablatou-classique\/wp-json\/wp\/v2\/comments?post=1330"}],"version-history":[{"count":8,"href":"https:\/\/www.la-tablatou.eu\/la-tablatou-classique\/wp-json\/wp\/v2\/pages\/1330\/revisions"}],"predecessor-version":[{"id":1369,"href":"https:\/\/www.la-tablatou.eu\/la-tablatou-classique\/wp-json\/wp\/v2\/pages\/1330\/revisions\/1369"}],"up":[{"embeddable":true,"href":"https:\/\/www.la-tablatou.eu\/la-tablatou-classique\/wp-json\/wp\/v2\/pages\/856"}],"wp:attachment":[{"href":"https:\/\/www.la-tablatou.eu\/la-tablatou-classique\/wp-json\/wp\/v2\/media?parent=1330"}],"curies":[{"name":"wp","href":"https:\/\/api.w.org\/{rel}","templated":true}]}}