{"id":1225,"date":"2012-06-22T13:57:55","date_gmt":"2012-06-22T11:57:55","guid":{"rendered":"http:\/\/www.la-tablatou.eu\/la-tablatou-classique\/?page_id=1225"},"modified":"2014-01-10T21:52:02","modified_gmt":"2014-01-10T19:52:02","slug":"christophe-c-38-bricoleur-averti","status":"publish","type":"page","link":"https:\/\/www.la-tablatou.eu\/la-tablatou-classique\/bonus-tablatou\/temoignages-utilisateurs\/christophe-c-38-bricoleur-averti\/","title":{"rendered":"Christophe C.  (38)  &#8211; Bricoleur averti !"},"content":{"rendered":"<div>Apr\u00e8s plusieurs essais de petits \u00e9tablis pliants, je ne trouvais pas de r\u00e9ponse pour chaque besoin sp\u00e9cifique.<\/div>\n<div><\/div>\n<div>Par hasard, je suis tomb\u00e9 sur une pr\u00e9sentation de cette \u00a0\u00bb table \u00e0 tout\u00a0\u00bb.<\/div>\n<div><\/div>\n<div>Et l\u00e0, je me suis dit, c&rsquo;est ELLE !!<\/div>\n<div><\/div>\n<div>Elle sait se faire oublier et se rendre indispensable d\u00e8s que l&rsquo;occasion se pr\u00e9sente.<\/div>\n<div><\/div>\n<div>A chaque probl\u00e8me, \u00a0une solution est trouv\u00e9e\u00a0\u00a0avec, si besoin, \u00a0le KIT CONFORT ou\u00a0 le GUIDE COUPE.<\/div>\n<div><\/div>\n<div>Et puis au-del\u00e0 des accessoires d&rsquo;origine, on fabrique ou\u00a0on en adapte d&rsquo;autres suivant ses besoins.<\/div>\n<div><\/div>\n<div>Un achat que je ne regrette absolument pas, qui me facilite la vie et qui\u00a0a fait mettre au placard mes anciens\u00a0compagnons de bricolage.<\/div>\n","protected":false},"excerpt":{"rendered":"<p>Apr\u00e8s plusieurs essais de petits \u00e9tablis pliants, je ne trouvais pas de r\u00e9ponse pour chaque besoin sp\u00e9cifique. Par hasard, je suis tomb\u00e9 sur une pr\u00e9sentation de cette \u00a0\u00bb table \u00e0 tout\u00a0\u00bb. Et l\u00e0, je me suis dit, c&rsquo;est ELLE !! Elle sait se faire oublier et se rendre indispensable d\u00e8s que l&rsquo;occasion se pr\u00e9sente. A chaque probl\u00e8me, \u00a0une solution est &hellip; <a href=\"https:\/\/www.la-tablatou.eu\/la-tablatou-classique\/bonus-tablatou\/temoignages-utilisateurs\/christophe-c-38-bricoleur-averti\/\">Continue reading <span class=\"meta-nav\">&rarr;<\/span><\/a><\/p>\n","protected":false},"author":1,"featured_media":0,"parent":897,"menu_order":3,"comment_status":"open","ping_status":"closed","template":"","meta":{"footnotes":""},"class_list":["post-1225","page","type-page","status-publish","hentry"],"_links":{"self":[{"href":"https:\/\/www.la-tablatou.eu\/la-tablatou-classique\/wp-json\/wp\/v2\/pages\/1225","targetHints":{"allow":["GET"]}}],"collection":[{"href":"https:\/\/www.la-tablatou.eu\/la-tablatou-classique\/wp-json\/wp\/v2\/pages"}],"about":[{"href":"https:\/\/www.la-tablatou.eu\/la-tablatou-classique\/wp-json\/wp\/v2\/types\/page"}],"author":[{"embeddable":true,"href":"https:\/\/www.la-tablatou.eu\/la-tablatou-classique\/wp-json\/wp\/v2\/users\/1"}],"replies":[{"embeddable":true,"href":"https:\/\/www.la-tablatou.eu\/la-tablatou-classique\/wp-json\/wp\/v2\/comments?post=1225"}],"version-history":[{"count":4,"href":"https:\/\/www.la-tablatou.eu\/la-tablatou-classique\/wp-json\/wp\/v2\/pages\/1225\/revisions"}],"predecessor-version":[{"id":1257,"href":"https:\/\/www.la-tablatou.eu\/la-tablatou-classique\/wp-json\/wp\/v2\/pages\/1225\/revisions\/1257"}],"up":[{"embeddable":true,"href":"https:\/\/www.la-tablatou.eu\/la-tablatou-classique\/wp-json\/wp\/v2\/pages\/897"}],"wp:attachment":[{"href":"https:\/\/www.la-tablatou.eu\/la-tablatou-classique\/wp-json\/wp\/v2\/media?parent=1225"}],"curies":[{"name":"wp","href":"https:\/\/api.w.org\/{rel}","templated":true}]}}