{"id":1217,"date":"2012-02-28T19:04:31","date_gmt":"2012-02-28T17:04:31","guid":{"rendered":"http:\/\/www.la-tablatou.eu\/la-tablatou-classique\/?page_id=1217"},"modified":"2014-01-10T21:52:13","modified_gmt":"2014-01-10T19:52:13","slug":"pascal-sueur-28-cuisiniste","status":"publish","type":"page","link":"https:\/\/www.la-tablatou.eu\/la-tablatou-classique\/bonus-tablatou\/temoignages-utilisateurs\/pascal-sueur-28-cuisiniste\/","title":{"rendered":"Pascal SUEUR (28) &#8211; Cuisiniste"},"content":{"rendered":"<div>Poseur de cuisine depuis bient\u00f4t 10 ans, le montage des caissons de meubles (souvent \u00e0 genoux) et les d\u00e9coupes de plans de travail (sur 4 tr\u00e9teaux) devenaient de plus en plus difficiles et d\u00e9licats.<\/div>\n<div><\/div>\n<div>Avec LA TABL&rsquo;ATOU les caissons sont mont\u00e9s debout et \u00e0 bonne hauteur.<\/div>\n<div><\/div>\n<div>Les coupes de plans de travail allant jusqu&rsquo;\u00e0 plus de 3 m\u00e8tres de long et 90 cm de large s&rsquo;effectuent en toute s\u00e9curit\u00e9 et sans risque de chutes.<\/div>\n<div><\/div>\n<div>Les grandes cr\u00e9dences dont la souplesse est le principal probl\u00e8me se tiennent tr\u00e8s bien sur LA TABL\u00a0\u00bbATOU en ajoutant les \u00ab\u00a0\u00e9largisseurs\u00a0\u00bb.<\/div>\n<div><\/div>\n<div>Pour moi, LA TABL&rsquo;ATOU c&rsquo;est vraiment indispensable pour les poseurs.<\/div>\n<div><\/div>\n<div><\/div>\n<div>\n<div style=\"text-align: right;\">Pascal\u00a0SUEUR<\/div>\n<div style=\"text-align: right;\">16\u00a0Bois du Roi &#8211;\u00a028130\u00a0 SOULAIRES<\/div>\n<div style=\"text-align: right;\">\u00a0T\u00e9l.\u00a006 45 91 92 31<\/div>\n<div><\/div>\n<\/div>\n","protected":false},"excerpt":{"rendered":"<p>Poseur de cuisine depuis bient\u00f4t 10 ans, le montage des caissons de meubles (souvent \u00e0 genoux) et les d\u00e9coupes de plans de travail (sur 4 tr\u00e9teaux) devenaient de plus en plus difficiles et d\u00e9licats. Avec LA TABL&rsquo;ATOU les caissons sont mont\u00e9s debout et \u00e0 bonne hauteur. Les coupes de plans de travail allant jusqu&rsquo;\u00e0 plus de 3 m\u00e8tres de long &hellip; <a href=\"https:\/\/www.la-tablatou.eu\/la-tablatou-classique\/bonus-tablatou\/temoignages-utilisateurs\/pascal-sueur-28-cuisiniste\/\">Continue reading <span class=\"meta-nav\">&rarr;<\/span><\/a><\/p>\n","protected":false},"author":1,"featured_media":0,"parent":897,"menu_order":5,"comment_status":"open","ping_status":"closed","template":"","meta":{"footnotes":""},"class_list":["post-1217","page","type-page","status-publish","hentry"],"_links":{"self":[{"href":"https:\/\/www.la-tablatou.eu\/la-tablatou-classique\/wp-json\/wp\/v2\/pages\/1217","targetHints":{"allow":["GET"]}}],"collection":[{"href":"https:\/\/www.la-tablatou.eu\/la-tablatou-classique\/wp-json\/wp\/v2\/pages"}],"about":[{"href":"https:\/\/www.la-tablatou.eu\/la-tablatou-classique\/wp-json\/wp\/v2\/types\/page"}],"author":[{"embeddable":true,"href":"https:\/\/www.la-tablatou.eu\/la-tablatou-classique\/wp-json\/wp\/v2\/users\/1"}],"replies":[{"embeddable":true,"href":"https:\/\/www.la-tablatou.eu\/la-tablatou-classique\/wp-json\/wp\/v2\/comments?post=1217"}],"version-history":[{"count":4,"href":"https:\/\/www.la-tablatou.eu\/la-tablatou-classique\/wp-json\/wp\/v2\/pages\/1217\/revisions"}],"predecessor-version":[{"id":1259,"href":"https:\/\/www.la-tablatou.eu\/la-tablatou-classique\/wp-json\/wp\/v2\/pages\/1217\/revisions\/1259"}],"up":[{"embeddable":true,"href":"https:\/\/www.la-tablatou.eu\/la-tablatou-classique\/wp-json\/wp\/v2\/pages\/897"}],"wp:attachment":[{"href":"https:\/\/www.la-tablatou.eu\/la-tablatou-classique\/wp-json\/wp\/v2\/media?parent=1217"}],"curies":[{"name":"wp","href":"https:\/\/api.w.org\/{rel}","templated":true}]}}