{"id":1171,"date":"2011-11-11T12:12:40","date_gmt":"2011-11-11T10:12:40","guid":{"rendered":"http:\/\/www.la-tablatou.eu\/la-tablatou-classique\/?page_id=1171"},"modified":"2013-12-27T17:22:42","modified_gmt":"2013-12-27T15:22:42","slug":"laccessoire-angles-variables","status":"publish","type":"page","link":"https:\/\/www.la-tablatou.eu\/la-tablatou-classique\/bonus-tablatou\/realisations-personnelles\/laccessoire-angles-variables\/","title":{"rendered":"L&rsquo;accessoire \u00ab\u00a0angles variables\u00a0\u00bb"},"content":{"rendered":"<p><a href=\"http:\/\/www.la-tablatou.eu\/la-tablatou-classique\/files\/2011\/11\/etoffer-scie-circulaire.jpg\" data-lbwps-width=\"800\" data-lbwps-height=\"536\" data-lbwps-srcsmall=\"https:\/\/www.la-tablatou.eu\/la-tablatou-classique\/files\/2011\/11\/etoffer-scie-circulaire.jpg\"><img loading=\"lazy\" decoding=\"async\" class=\"alignleft size-thumbnail wp-image-1176\" title=\"Pour \u00e9toffer la bande &quot;scie&quot; qui peut-\u00eatre \u00e9troite il est possible de lui donner de la surface.\" src=\"http:\/\/www.la-tablatou.eu\/la-tablatou-classique\/files\/2011\/11\/etoffer-scie-circulaire-150x100.jpg\" alt=\"Pour \u00e9toffer la bande &quot;scie&quot; qui peut-\u00eatre \u00e9troite il est possible de lui donner de la surface.\" width=\"150\" height=\"100\" srcset=\"https:\/\/www.la-tablatou.eu\/la-tablatou-classique\/files\/2011\/11\/etoffer-scie-circulaire-150x100.jpg 150w, https:\/\/www.la-tablatou.eu\/la-tablatou-classique\/files\/2011\/11\/etoffer-scie-circulaire-597x400.jpg 597w, https:\/\/www.la-tablatou.eu\/la-tablatou-classique\/files\/2011\/11\/etoffer-scie-circulaire.jpg 800w\" sizes=\"auto, (max-width: 150px) 100vw, 150px\" \/><\/a>Lorsque l\u2019on utilise cet accessoire, l\u2019exploitation des graduations des longerons n\u2019est pas possible puisque les pi\u00e8ces doivent \u00eatre pos\u00e9es en fonction du trait de coupe ou de l\u2019axe des fraises. Pour en savoir plus, vous pouvez <a title=\"Manuel d'utilisation de LA TABL'ATOU\" href=\"http:\/\/www.la-tablatou.eu\/la-tablatou-classique\/files\/2011\/10\/utilisation-TABLATOU.pdf\">t\u00e9l\u00e9charger le\u00a0manuel d\u2019utilisation<\/a> (-page 21- coupes d\u2019angles).<\/p>\n<p>L\u2019astuce pour positionner rapidement et avec pr\u00e9cision la pi\u00e8ce de r\u00e9f\u00e9rence consiste \u00e0 <strong>intercaler une bande de bois entre le trac\u00e9 et la r\u00e8gle fixe.\u00a0<\/strong>\u00a0\u00a0Un contre plaqu\u00e9 de 5 mm est suffisant.<\/p>\n<p>R\u00e9alisation de la bande pour la :<\/p>\n<ul>\n<li><strong>Scie circulaire<\/strong><br \/>\nSe reporter au principe de r\u00e9glage des vis de compensation (Manuel- page 19)<\/li>\n<li><strong>D\u00e9fonceuse<\/strong><br \/>\nCorrespond \u00e0 la moiti\u00e9 de la partie ronde de la semelle.<\/li>\n<\/ul>\n<p><strong>Remarque&#8230;<\/strong><br \/>\nAu lieu\u00a0 d\u2019utiliser une bande correspondante \u00e0 la longueur de la pi\u00e8ce travaill\u00e9e, il est possible de se limiter \u00e0 2 morceaux qui sont \u00e0 placer aux extr\u00e9mit\u00e9s de cette pi\u00e8ce.<br \/>\nCes \u00e9l\u00e9ments s\u2019appliquent ainsi \u00e0 toute longueur et\u2026ne prennent pas de place pour leur rangement.<\/p>\n<p>Il est bon de <strong>les r\u00e9f\u00e9rencer <\/strong>car ils risquent de participer \u00e0 une joyeuse flamb\u00e9e ou de s\u2019\u00e9vader avec les d\u00e9tritus !!<\/p>\n","protected":false},"excerpt":{"rendered":"<p>Lorsque l\u2019on utilise cet accessoire, l\u2019exploitation des graduations des longerons n\u2019est pas possible puisque les pi\u00e8ces doivent \u00eatre pos\u00e9es en fonction du trait de coupe ou de l\u2019axe des fraises. Pour en savoir plus, vous pouvez t\u00e9l\u00e9charger le\u00a0manuel d\u2019utilisation (-page 21- coupes d\u2019angles). L\u2019astuce pour positionner rapidement et avec pr\u00e9cision la pi\u00e8ce de r\u00e9f\u00e9rence consiste \u00e0 intercaler une bande de &hellip; <a href=\"https:\/\/www.la-tablatou.eu\/la-tablatou-classique\/bonus-tablatou\/realisations-personnelles\/laccessoire-angles-variables\/\">Continue reading <span class=\"meta-nav\">&rarr;<\/span><\/a><\/p>\n","protected":false},"author":1,"featured_media":0,"parent":856,"menu_order":10,"comment_status":"open","ping_status":"closed","template":"","meta":{"footnotes":""},"class_list":["post-1171","page","type-page","status-publish","hentry"],"_links":{"self":[{"href":"https:\/\/www.la-tablatou.eu\/la-tablatou-classique\/wp-json\/wp\/v2\/pages\/1171","targetHints":{"allow":["GET"]}}],"collection":[{"href":"https:\/\/www.la-tablatou.eu\/la-tablatou-classique\/wp-json\/wp\/v2\/pages"}],"about":[{"href":"https:\/\/www.la-tablatou.eu\/la-tablatou-classique\/wp-json\/wp\/v2\/types\/page"}],"author":[{"embeddable":true,"href":"https:\/\/www.la-tablatou.eu\/la-tablatou-classique\/wp-json\/wp\/v2\/users\/1"}],"replies":[{"embeddable":true,"href":"https:\/\/www.la-tablatou.eu\/la-tablatou-classique\/wp-json\/wp\/v2\/comments?post=1171"}],"version-history":[{"count":5,"href":"https:\/\/www.la-tablatou.eu\/la-tablatou-classique\/wp-json\/wp\/v2\/pages\/1171\/revisions"}],"predecessor-version":[{"id":1268,"href":"https:\/\/www.la-tablatou.eu\/la-tablatou-classique\/wp-json\/wp\/v2\/pages\/1171\/revisions\/1268"}],"up":[{"embeddable":true,"href":"https:\/\/www.la-tablatou.eu\/la-tablatou-classique\/wp-json\/wp\/v2\/pages\/856"}],"wp:attachment":[{"href":"https:\/\/www.la-tablatou.eu\/la-tablatou-classique\/wp-json\/wp\/v2\/media?parent=1171"}],"curies":[{"name":"wp","href":"https:\/\/api.w.org\/{rel}","templated":true}]}}