{"id":1091,"date":"2011-10-26T20:30:23","date_gmt":"2011-10-26T18:30:23","guid":{"rendered":"http:\/\/www.la-tablatou.eu\/la-tablatou-classique\/?page_id=1091"},"modified":"2014-01-10T21:52:07","modified_gmt":"2014-01-10T19:52:07","slug":"marc-avon-un-amateur-averti","status":"publish","type":"page","link":"https:\/\/www.la-tablatou.eu\/la-tablatou-classique\/bonus-tablatou\/temoignages-utilisateurs\/marc-avon-un-amateur-averti\/","title":{"rendered":"Marc A. (69) &#8211; Un amateur averti&#8230;."},"content":{"rendered":"<p>Comme de nombreux bricoleurs, je me battais r\u00e9guli\u00e8rement pour manipuler et d\u00e9couper les panneaux de grande taille de mani\u00e8re propre et s\u00fbre. Probl\u00e8me maintenant r\u00e9solu avec ma Tabl&rsquo;atou. C&rsquo;est l&rsquo;objet que j&rsquo;aurai aim\u00e9 \u00ab\u00a0inventer\u00a0\u00bb.<br \/>\nAujourd&rsquo;hui il existe,\u00a0 ne boudons pas notre plaisir de l&rsquo;utiliser et d\u00e9couvrons les multiples usages possibles. Il faut r\u00e9guli\u00e8rement parcourir documentation et vid\u00e9os pour bien s&rsquo;impr\u00e9gner de toutes les possibilit\u00e9s. Avec le kit confort et le guide coupe, il faut un peu d&rsquo;ordre et d&rsquo;organisation pour avoir sous la main les \u00e9l\u00e9ments qui vont nous rendre le bricolage vraiment plus facile. Apr\u00e8s quelques mois d&rsquo;utilisation, on se demande comment on faisait avant !\u00a0\u00bb<\/p>\n<p style=\"text-align: right;\">\n","protected":false},"excerpt":{"rendered":"<p>Comme de nombreux bricoleurs, je me battais r\u00e9guli\u00e8rement pour manipuler et d\u00e9couper les panneaux de grande taille de mani\u00e8re propre et s\u00fbre. Probl\u00e8me maintenant r\u00e9solu avec ma Tabl&rsquo;atou. C&rsquo;est l&rsquo;objet que j&rsquo;aurai aim\u00e9 \u00ab\u00a0inventer\u00a0\u00bb. Aujourd&rsquo;hui il existe,\u00a0 ne boudons pas notre plaisir de l&rsquo;utiliser et d\u00e9couvrons les multiples usages possibles. Il faut r\u00e9guli\u00e8rement parcourir documentation et vid\u00e9os pour bien s&rsquo;impr\u00e9gner &hellip; <a href=\"https:\/\/www.la-tablatou.eu\/la-tablatou-classique\/bonus-tablatou\/temoignages-utilisateurs\/marc-avon-un-amateur-averti\/\">Continue reading <span class=\"meta-nav\">&rarr;<\/span><\/a><\/p>\n","protected":false},"author":1,"featured_media":0,"parent":897,"menu_order":4,"comment_status":"open","ping_status":"closed","template":"","meta":{"footnotes":""},"class_list":["post-1091","page","type-page","status-publish","hentry"],"_links":{"self":[{"href":"https:\/\/www.la-tablatou.eu\/la-tablatou-classique\/wp-json\/wp\/v2\/pages\/1091","targetHints":{"allow":["GET"]}}],"collection":[{"href":"https:\/\/www.la-tablatou.eu\/la-tablatou-classique\/wp-json\/wp\/v2\/pages"}],"about":[{"href":"https:\/\/www.la-tablatou.eu\/la-tablatou-classique\/wp-json\/wp\/v2\/types\/page"}],"author":[{"embeddable":true,"href":"https:\/\/www.la-tablatou.eu\/la-tablatou-classique\/wp-json\/wp\/v2\/users\/1"}],"replies":[{"embeddable":true,"href":"https:\/\/www.la-tablatou.eu\/la-tablatou-classique\/wp-json\/wp\/v2\/comments?post=1091"}],"version-history":[{"count":7,"href":"https:\/\/www.la-tablatou.eu\/la-tablatou-classique\/wp-json\/wp\/v2\/pages\/1091\/revisions"}],"predecessor-version":[{"id":1258,"href":"https:\/\/www.la-tablatou.eu\/la-tablatou-classique\/wp-json\/wp\/v2\/pages\/1091\/revisions\/1258"}],"up":[{"embeddable":true,"href":"https:\/\/www.la-tablatou.eu\/la-tablatou-classique\/wp-json\/wp\/v2\/pages\/897"}],"wp:attachment":[{"href":"https:\/\/www.la-tablatou.eu\/la-tablatou-classique\/wp-json\/wp\/v2\/media?parent=1091"}],"curies":[{"name":"wp","href":"https:\/\/api.w.org\/{rel}","templated":true}]}}